sands digit of a?
1
Suppose 7*f = -2341 + 13030. What is the hundreds digit of f?
5
Let r = 1800 + -917. What is the hundreds digit of r?
8
Let c(h) = -h**3 - 3*h**2 - h + 26. What is the tens digit of c(0)?
2
Suppose -8*o = -o - 21. Let r(n) = 8*n**2 - n - 8. What is the tens digit of r(o)?
6
Let x = -1549 + 2632. What is the tens digit of x?
8
Let j be (4 - -1005) + (-10)/2. Suppose 4*m + 312 - j = 0. What is the tens digit of m?
7
Let d be 1/(-3) - 3/(18/(-26)). Suppose -292 = -d*j - 76. What is the tens digit of j?
5
Let j(l) = 12*l**2 - 10*l**2 - 4 + 3*l**3 + 5*l + 1 - 4*l**3. Let i be j(3). What is the units digit of i*(124/(-6))/(-1)?
2
Let m(v) be the second derivative of v**4/6 - v**3/3 - 2*v**2 + 5*v. What is the tens digit of m(6)?
5
Let b(q) = 78*q - 14*q + 7 - 2. What is the tens digit of b(3)?
9
Let t(l) = -7*l**2 - 25*l + 10. Let p(u) = 0*u - 3*u**2 - 13*u + u + 5. Let a(b) = 5*p(b) - 2*t(b). What is the units digit of a(-5)?
0
Suppose -3*u + 15 = 0, -5*u = -2*n + 4*n - 41. Suppose -169 = -7*x + 111. What is the units digit of 62/n + (-30)/x?
7
Let x be (0/3)/(1 - 2). Suppose c - 4*a - 3 = -2, -3*c = 2*a + 11. Let s = x - c. What is the units digit of s?
3
Let q be (3 - (0 + 3))*1. Let v(t) = 7*t**2 - 5*t + 26. Let c(x) = -8*x**2 + 6*x - 27. Let u(o) = 6*c(o) + 7*v(o). What is the units digit of u(q)?
0
Suppose x - 1755 = -12*x. What is the units digit of x?
5
Let r(t) = -t**2 + 5*t - 122. Let g(f) = f**2 - 4*f + 122. Let n(c) = 3*g(c) + 2*r(c). What is the hundreds digit of n(0)?
1
Let l = -305 - -650. Suppose -4*x - l = -7*x. What is the units digit of x?
5
Let z = -590 - -1340. What is the tens digit of z?
5
What is the tens digit of (780/35)/((-4)/(-182))?
1
Suppose 5*q = -4*v + 820, -4*q - 78 = -4*v - 770. What is the units digit of q?
8
Let p(w) = -w**3 - 5*w**2 + 7*w + 9. Let f be p(-6). Suppose -4*j + 3*y + 4 = f, 3*y - 15 = 0. Suppose j*n + 3 = 23. What is the units digit of n?
5
Let t = 104 - 72. What is the units digit of t?
2
Suppose 12*m + 2 = 62. Suppose 99 = -2*x + m*g + 325, -g = 0. What is the units digit of x?
3
Let q(w) = 381*w + 68. What is the units digit of q(2)?
0
Suppose -4*m + 2 + 3 = -5*o, -5*m - 3*o - 3 = 0. Let d(k) = 3*k + 18. What is the units digit of d(m)?
8
Let u(o) = -o**3 - 63*o + 4 + 30*o - 2*o**3 + o**2 + 32*o. What is the units digit of u(-3)?
7
Let l = 637 - -472. What is the thousands digit of l?
1
Suppose -6*u + 93 = -27. Let t(n) = n**2 - 6*n - 42. What is the tens digit of t(u)?
3
Suppose 354 = 7*q - 5*q. What is the units digit of (-2)/5 + q/5?
5
Suppose -2*j + 0*j = 8. Let f = -10 - j. Let v = 23 + f. What is the tens digit of v?
1
Suppose 2*h - 1176 = -5*f, 5*f + 562 = 2*h - 634. What is the tens digit of h?
9
Let h = -1291 + 2170. What is the tens digit of h?
7
Let s = 3 - 4. Let u be 8 + -8 + 1 + s. Suppose -a = -u*a, 3*y = -2*a + 39. What is the tens digit of y?
1
Suppose 5*t + 20 = 0, 3*g - 3*t = -g + 40. What is the units digit of 1*95 - g/(14/4)?
3
Let u be 2/(-6) - 796/(-12). Suppose -4*n + 230 = -u. What is the tens digit of n?
7
Let c(k) = -11*k + 2*k - k. Let w be c(-2). Let i = 33 - w. What is the tens digit of i?
1
What is the tens digit of 11070/(-12)*(-10)/15?
1
Suppose -78*i + 29423 + 190693 = 0. What is the hundreds digit of i?
8
Suppose 5*a + 4*u = 26 + 18, 3*u + 60 = 4*a. Suppose a*g - 17*g = -360. What is the tens digit of g?
7
Let r = -475 + 889. What is the tens digit of r?
1
Let m(k) = k**2 + k - 9. Let j be m(-4). Suppose 0 = x + x - j*s - 95, -x + 49 = -s. What is the tens digit of x?
5
Let k(z) = z**3 - 3*z**2 - 3*z + 10. Let i be k(4). What is the tens digit of (276/i)/((-16)/(-112))?
3
Suppose 44 = 4*q - 0. Suppose 49 + 1711 = q*z. What is the tens digit of z?
6
Let z = -86 + 103. Let w(k) = k**2 - 13*k - 29. What is the tens digit of w(z)?
3
Let n = 35 - 61. Let x be n/(-6) - 9/27. Suppose 11 + x = -3*k, -2*y + 9 = 5*k. What is the units digit of y?
7
Let h(b) be the first derivative of 3*b**2/2 + 29*b - 4. Let i be h(-9). What is the tens digit of 1*(i + 0) - -58?
6
Suppose 0*j - j + 5*f = -10, -3*f + 20 = 2*j. Suppose -3*r + 5*u + 0 - 3 = 0, 5*r = 2*u - 5. What is the units digit of j + (r - (1 - 1))?
9
Let d(n) = 4*n**2 + 8 - 3*n + 9*n**2 + 3*n**3 - 2*n**3 + 11*n. What is the tens digit of d(-12)?
5
Let o be 44/33*6*8. Suppose v - o = q, 0 = -3*v - 19 + 4. Let t = 116 + q. What is the tens digit of t?
4
What is the tens digit of -5 - (3 - 25/5) - -27?
2
Let m be 3 - (1 - 0/(-3)). Suppose 0 = -5*g + m*g. What is the units digit of -2 + -1 + 12 - g?
9
Suppose -6*v - 7*v = -13208. What is the units digit of v?
6
Suppose -3*j = -3*h + 789, -h + 0*j = -4*j - 257. Suppose -5*l = -f - h, -2*l + 79 = 3*f + 2*f. What is the units digit of l?
2
Suppose 5*k = 9*k + 56. Let o be -3 - k - (-1 + 4). Suppose 4*n = o, 3*r - 2*r = -5*n + 14. What is the units digit of r?
4
Suppose -5*f = 2*g - 66 - 179, -g = -4*f - 116. What is the units digit of g?
0
Suppose 4*q - 1401 = b, -3*b - 1248 = -3*q - 204. What is the units digit of q?
1
Let k(t) = t**2 - 11*t - 1. Let z be k(7). Suppose -5*d - 208 = -9*d. Let a = z + d. What is the tens digit of a?
2
Let p = 0 - 0. Suppose g + 5 + 1 = p. Let k = -1 - g. What is the units digit of k?
5
Suppose -6 = -3*p + 5*m, -4*m + 2 + 1 = -5*p. Let h = 1 + -35. What is the tens digit of 2*p/12*h?
1
Suppose -3*a - 7 - 15 = -2*x, 5*a + x = -28. What is the hundreds digit of 2/15*a*-195?
1
Suppose -p + 3*s = -217 - 94, -4*s = 0. Let n = 211 - p. What is the units digit of (-880)/n - (-4)/(-5)?
8
Suppose 5*v - 3*v = 0. Suppose -k - 4*k + 10 = v. Suppose k*h - 48 = -h. What is the units digit of h?
6
Let u be (20/(-15))/(8/(-108)). What is the hundreds digit of 2030/u + -7*8/(-252)?
1
Suppose -4*a + 3*k + 2515 = 0, 3*a + 4*k - 2*k - 1899 = 0. What is the tens digit of a?
3
Let n(x) = x**3 - 21*x**2 + 3*x - 23. Let b be n(21). Suppose h - b = -h. What is the units digit of h?
0
Let p(y) = -y**2 - 2*y + 7. Let b be p(-3). Let j be (2 - b) + (-11)/(-1). Suppose 6*f - j*f + 3*m + 99 = 0, 5*f + m = 165. What is the units digit of f?
3
Let s(c) = -357*c + 16. What is the tens digit of s(-3)?
8
Suppose -151*p + 133*p + 63792 = 0. What is the units digit of p?
4
Suppose 2*g - 150 = g. Suppose -3*w - 129 = -l, -l + 0*l + g = 4*w. What is the units digit of l?
8
Suppose 381 = 2*r - 29. Suppose 8*d - r = 91. What is the units digit of d?
7
Let x(u) = -1 + 0*u - 3*u + 3. Let b be x(-5). Let p = b - 10. What is the units digit of p?
7
Let r = 362 - 538. Let o = r - -274. What is the units digit of o?
8
Let w(g) = -16*g - 35. Suppose 3*l + 0*k - k = -28, -k = 2*l + 27. What is the units digit of w(l)?
1
Let g(o) = 3*o**2 - o - 1. Let v be g(2). Let y = v - 3. Let p(d) = d**3 - 6*d**2 + 4*d - 5. What is the tens digit of p(y)?
1
Let i be 3*(-115)/15 + -3. What is the units digit of ((-6)/4 - 2)*i?
1
Let y(r) = 8*r**3 - 13*r**2 - 10*r + 4. What is the units digit of y(7)?
1
Let o = 8 - 14. Let b = 4 - o. Suppose 5*x = -m + 55, 0 = 3*x - x - b. What is the tens digit of m?
3
Let z(y) = 17*y + 1. Let v(m) = -m + 1. Let h be v(-6). Suppose 2*j - h + 3 = 0. What is the tens digit of z(j)?
3
Let u(y) = -y**2 - 3*y + 12. Let d be u(-5). Let t(o) be the first derivative of 3*o**2/2 - 2*o - 2. What is the units digit of t(d)?
4
Let c(d) = -d**3 + 6*d**2 - 1. Suppose -11*k - 16 = -7*k. Let l = k + 8. What is the units digit of c(l)?
1
Let j = 48 - 12. Suppose 0 = 4*g - g + j. Let v = g + 18. What is the units digit of v?
6
Suppose -4349 = -2*s + 1011. What is the hundreds digit of s?
6
Let y be 0/(7/(7/(-4))). Let j be (y - 2)*21/(-14). Suppose 23 = j*b - 58. What is the tens digit of b?
2
Let t = 4 + -5. Let b(l) = 42*l**2 + 2*l + 1. Let n be b(t). Suppose 0*g - g - 4*c + 6 = 0, -g + 3*c + n = 0. What is the units digit of g?
6
Let p be 1 + (0/5)/(-4). What is the units digit of -335*p*(-2)/5?
4
Let f(s) = 4 - 5*s**2 + s**3 + 3 + 11*s - 2*s**3. Let n be f(-7). Let z = n + -10. What is the units digit of z?
8
Let x(z) = -z**2 + 15*z - 30. Let f be x(13). What is the tens digit of f + 92 + (-1 - -3)?
9
Suppose 6*v + 264 = 9*v. Suppose 3*m + 4*c = 10, -4*m + 0*m + 15 = 5*c. What is the units digit of 4/m + v/5?
8
Suppose 0 = 3*p - 6*p - 18. Suppose 2*q = 5*b + 43, -